{"id":1298,"date":"2018-11-27T11:14:40","date_gmt":"2018-11-27T11:14:40","guid":{"rendered":"https:\/\/humanit.as\/experiences\/?page_id=1298"},"modified":"2020-06-09T15:52:03","modified_gmt":"2020-06-09T15:52:03","slug":"natural-english-weekend-experience","status":"publish","type":"page","link":"https:\/\/humanit.as\/experiences\/espana\/fin-de-semana\/natural-english-weekend-experience\/","title":{"rendered":"Natural English Weekend Experience"},"content":{"rendered":"\n[et_pb_section fb_built=\u00bb1&#8243; fullwidth=\u00bbon\u00bb _builder_version=\u00bb3.17.6&#8243;][et_pb_fullwidth_header title=\u00bbInmersi\u00f3n Ling\u00fc\u00edstica en Espa\u00f1a\u00bb subhead=\u00bbInmersi\u00f3n total en ingl\u00e9s sin salir de Espa\u00f1a \u00bb background_overlay_color=\u00bbrgba(142,68,15,0.6)\u00bb _builder_version=\u00bb3.17.6&#8243; title_font=\u00bb||||||||\u00bb title_text_align=\u00bbcenter\u00bb title_font_size=\u00bb45px\u00bb title_text_shadow_style=\u00bbpreset5&#8243; subhead_font=\u00bb||||||||\u00bb subhead_text_align=\u00bbcenter\u00bb subhead_font_size=\u00bb30px\u00bb background_image=\u00bbhttps:\/\/humanit.as\/experiences\/wp-content\/uploads\/sites\/7\/2018\/11\/spain-tourist-map-max-1.jpg\u00bb text_shadow_style=\u00bbpreset5&#8243; parallax=\u00bbon\u00bb][\/et_pb_fullwidth_header][\/et_pb_section][et_pb_section fb_built=\u00bb1&#8243; _builder_version=\u00bb3.17.6&#8243;][et_pb_row _builder_version=\u00bb3.17.6&#8243;][et_pb_column type=\u00bb1_2&#8243; _builder_version=\u00bb3.17.6&#8243; parallax=\u00bboff\u00bb parallax_method=\u00bbon\u00bb][et_pb_button button_text=\u00bbVerano\u00bb _builder_version=\u00bb3.17.6&#8243;][\/et_pb_button][\/et_pb_column][et_pb_column type=\u00bb1_2&#8243; _builder_version=\u00bb3.17.6&#8243; parallax=\u00bboff\u00bb parallax_method=\u00bbon\u00bb][et_pb_button button_text=\u00bbFines de Semana\u00bb _builder_version=\u00bb3.17.6&#8243;][\/et_pb_button][\/et_pb_column][\/et_pb_row][\/et_pb_section]\n","protected":false},"excerpt":{"rendered":"","protected":false},"author":1,"featured_media":0,"parent":1288,"menu_order":0,"comment_status":"closed","ping_status":"closed","template":"","meta":{"_et_pb_use_builder":"on","_et_pb_old_content":"","_et_gb_content_width":"","footnotes":""},"tags":[116,123,121,118,125,117,124,114,113,120,119,112,111,115,122],"class_list":["post-1298","page","type-page","status-publish","hentry","tag-aprender-ingles-con-profesores-nativos-en-espana","tag-aprender-ingles-con-profesores-nativos-en-espana-fin-de-semana","tag-experiencias-de-fin-de-semana-de-inmersion-linguistica-espana","tag-experiencias-de-inmersion-linguistica-con-profesores-nativos-en-espana","tag-experiencias-de-inmersion-linguistica-con-profesores-nativos-en-espana-fin-de-semana","tag-experiencias-de-inmersion-linguistica-en-espana","tag-experiencias-de-inmersion-linguistica-en-espana-fin-de-semana","tag-experiencias-de-inmersion-linguistica-en-ingles-espana","tag-experiencias-de-inmersion-linguistica-espana","tag-fin-de-semana-de-inmersion-linguistica-en-ingles-en-espana","tag-fines-de-espana-de-inmersion-linguistica-espana","tag-inmersion-linguistica-en-ingles-en-espana","tag-inmersion-linguistica-espana","tag-la-mejor-manera-de-aprender-ingles-en-espana","tag-la-mejor-manera-de-aprender-ingles-en-espana-en-fin-de-semana"],"yoast_head":"<!-- This site is optimized with the Yoast SEO plugin v22.0 - https:\/\/yoast.com\/wordpress\/plugins\/seo\/ -->\n<title>Natural English Weekend Experience - Humanit.as Learning Experiences<\/title>\n<meta name=\"robots\" content=\"index, follow, max-snippet:-1, max-image-preview:large, max-video-preview:-1\" \/>\n<link rel=\"canonical\" href=\"https:\/\/humanit.as\/experiences\/espana\/fin-de-semana\/natural-english-weekend-experience\/\" \/>\n<meta property=\"og:locale\" content=\"es_ES\" \/>\n<meta property=\"og:type\" content=\"article\" \/>\n<meta property=\"og:title\" content=\"Natural English Weekend Experience - Humanit.as Learning Experiences\" \/>\n<meta property=\"og:url\" content=\"https:\/\/humanit.as\/experiences\/espana\/fin-de-semana\/natural-english-weekend-experience\/\" \/>\n<meta property=\"og:site_name\" content=\"Humanit.as Learning Experiences\" \/>\n<meta property=\"article:modified_time\" content=\"2020-06-09T15:52:03+00:00\" \/>\n<meta name=\"twitter:card\" content=\"summary_large_image\" \/>\n<meta name=\"twitter:label1\" content=\"Tiempo de lectura\" \/>\n\t<meta name=\"twitter:data1\" content=\"1 minuto\" \/>\n<script type=\"application\/ld+json\" class=\"yoast-schema-graph\">{\"@context\":\"https:\/\/schema.org\",\"@graph\":[{\"@type\":\"WebPage\",\"@id\":\"https:\/\/humanit.as\/experiences\/espana\/fin-de-semana\/natural-english-weekend-experience\/\",\"url\":\"https:\/\/humanit.as\/experiences\/espana\/fin-de-semana\/natural-english-weekend-experience\/\",\"name\":\"Natural English Weekend Experience - Humanit.as Learning Experiences\",\"isPartOf\":{\"@id\":\"https:\/\/humanit.as\/experiences\/#website\"},\"datePublished\":\"2018-11-27T11:14:40+00:00\",\"dateModified\":\"2020-06-09T15:52:03+00:00\",\"breadcrumb\":{\"@id\":\"https:\/\/humanit.as\/experiences\/espana\/fin-de-semana\/natural-english-weekend-experience\/#breadcrumb\"},\"inLanguage\":\"es\",\"potentialAction\":[{\"@type\":\"ReadAction\",\"target\":[\"https:\/\/humanit.as\/experiences\/espana\/fin-de-semana\/natural-english-weekend-experience\/\"]}]},{\"@type\":\"BreadcrumbList\",\"@id\":\"https:\/\/humanit.as\/experiences\/espana\/fin-de-semana\/natural-english-weekend-experience\/#breadcrumb\",\"itemListElement\":[{\"@type\":\"ListItem\",\"position\":1,\"name\":\"Inicio\",\"item\":\"https:\/\/humanit.as\/experiences\/\"},{\"@type\":\"ListItem\",\"position\":2,\"name\":\"Espa\u00f1a\",\"item\":\"https:\/\/humanit.as\/experiences\/espana\/\"},{\"@type\":\"ListItem\",\"position\":3,\"name\":\"Fin de Semana\",\"item\":\"https:\/\/humanit.as\/experiences\/espana\/fin-de-semana\/\"},{\"@type\":\"ListItem\",\"position\":4,\"name\":\"Natural English Weekend Experience\"}]},{\"@type\":\"WebSite\",\"@id\":\"https:\/\/humanit.as\/experiences\/#website\",\"url\":\"https:\/\/humanit.as\/experiences\/\",\"name\":\"Humanit.as Learning Experiences\",\"description\":\"Experiencias para Aprender y Crecer\",\"publisher\":{\"@id\":\"https:\/\/humanit.as\/experiences\/#organization\"},\"potentialAction\":[{\"@type\":\"SearchAction\",\"target\":{\"@type\":\"EntryPoint\",\"urlTemplate\":\"https:\/\/humanit.as\/experiences\/?s={search_term_string}\"},\"query-input\":\"required name=search_term_string\"}],\"inLanguage\":\"es\"},{\"@type\":\"Organization\",\"@id\":\"https:\/\/humanit.as\/experiences\/#organization\",\"name\":\"Humanit.as\",\"url\":\"https:\/\/humanit.as\/experiences\/\",\"logo\":{\"@type\":\"ImageObject\",\"inLanguage\":\"es\",\"@id\":\"https:\/\/humanit.as\/experiences\/#\/schema\/logo\/image\/\",\"url\":\"http:\/\/s947857397.mialojamiento.es\/experiences\/wp-content\/uploads\/sites\/7\/2016\/02\/logotipo-humanitas-grande.jpg\",\"contentUrl\":\"http:\/\/s947857397.mialojamiento.es\/experiences\/wp-content\/uploads\/sites\/7\/2016\/02\/logotipo-humanitas-grande.jpg\",\"width\":1800,\"height\":1800,\"caption\":\"Humanit.as\"},\"image\":{\"@id\":\"https:\/\/humanit.as\/experiences\/#\/schema\/logo\/image\/\"}}]}<\/script>\n<!-- \/ Yoast SEO plugin. -->","yoast_head_json":{"title":"Natural English Weekend Experience - Humanit.as Learning Experiences","robots":{"index":"index","follow":"follow","max-snippet":"max-snippet:-1","max-image-preview":"max-image-preview:large","max-video-preview":"max-video-preview:-1"},"canonical":"https:\/\/humanit.as\/experiences\/espana\/fin-de-semana\/natural-english-weekend-experience\/","og_locale":"es_ES","og_type":"article","og_title":"Natural English Weekend Experience - Humanit.as Learning Experiences","og_url":"https:\/\/humanit.as\/experiences\/espana\/fin-de-semana\/natural-english-weekend-experience\/","og_site_name":"Humanit.as Learning Experiences","article_modified_time":"2020-06-09T15:52:03+00:00","twitter_card":"summary_large_image","twitter_misc":{"Tiempo de lectura":"1 minuto"},"schema":{"@context":"https:\/\/schema.org","@graph":[{"@type":"WebPage","@id":"https:\/\/humanit.as\/experiences\/espana\/fin-de-semana\/natural-english-weekend-experience\/","url":"https:\/\/humanit.as\/experiences\/espana\/fin-de-semana\/natural-english-weekend-experience\/","name":"Natural English Weekend Experience - Humanit.as Learning Experiences","isPartOf":{"@id":"https:\/\/humanit.as\/experiences\/#website"},"datePublished":"2018-11-27T11:14:40+00:00","dateModified":"2020-06-09T15:52:03+00:00","breadcrumb":{"@id":"https:\/\/humanit.as\/experiences\/espana\/fin-de-semana\/natural-english-weekend-experience\/#breadcrumb"},"inLanguage":"es","potentialAction":[{"@type":"ReadAction","target":["https:\/\/humanit.as\/experiences\/espana\/fin-de-semana\/natural-english-weekend-experience\/"]}]},{"@type":"BreadcrumbList","@id":"https:\/\/humanit.as\/experiences\/espana\/fin-de-semana\/natural-english-weekend-experience\/#breadcrumb","itemListElement":[{"@type":"ListItem","position":1,"name":"Inicio","item":"https:\/\/humanit.as\/experiences\/"},{"@type":"ListItem","position":2,"name":"Espa\u00f1a","item":"https:\/\/humanit.as\/experiences\/espana\/"},{"@type":"ListItem","position":3,"name":"Fin de Semana","item":"https:\/\/humanit.as\/experiences\/espana\/fin-de-semana\/"},{"@type":"ListItem","position":4,"name":"Natural English Weekend Experience"}]},{"@type":"WebSite","@id":"https:\/\/humanit.as\/experiences\/#website","url":"https:\/\/humanit.as\/experiences\/","name":"Humanit.as Learning Experiences","description":"Experiencias para Aprender y Crecer","publisher":{"@id":"https:\/\/humanit.as\/experiences\/#organization"},"potentialAction":[{"@type":"SearchAction","target":{"@type":"EntryPoint","urlTemplate":"https:\/\/humanit.as\/experiences\/?s={search_term_string}"},"query-input":"required name=search_term_string"}],"inLanguage":"es"},{"@type":"Organization","@id":"https:\/\/humanit.as\/experiences\/#organization","name":"Humanit.as","url":"https:\/\/humanit.as\/experiences\/","logo":{"@type":"ImageObject","inLanguage":"es","@id":"https:\/\/humanit.as\/experiences\/#\/schema\/logo\/image\/","url":"http:\/\/s947857397.mialojamiento.es\/experiences\/wp-content\/uploads\/sites\/7\/2016\/02\/logotipo-humanitas-grande.jpg","contentUrl":"http:\/\/s947857397.mialojamiento.es\/experiences\/wp-content\/uploads\/sites\/7\/2016\/02\/logotipo-humanitas-grande.jpg","width":1800,"height":1800,"caption":"Humanit.as"},"image":{"@id":"https:\/\/humanit.as\/experiences\/#\/schema\/logo\/image\/"}}]}},"_links":{"self":[{"href":"https:\/\/humanit.as\/experiences\/wp-json\/wp\/v2\/pages\/1298","targetHints":{"allow":["GET"]}}],"collection":[{"href":"https:\/\/humanit.as\/experiences\/wp-json\/wp\/v2\/pages"}],"about":[{"href":"https:\/\/humanit.as\/experiences\/wp-json\/wp\/v2\/types\/page"}],"author":[{"embeddable":true,"href":"https:\/\/humanit.as\/experiences\/wp-json\/wp\/v2\/users\/1"}],"replies":[{"embeddable":true,"href":"https:\/\/humanit.as\/experiences\/wp-json\/wp\/v2\/comments?post=1298"}],"version-history":[{"count":1,"href":"https:\/\/humanit.as\/experiences\/wp-json\/wp\/v2\/pages\/1298\/revisions"}],"predecessor-version":[{"id":1958,"href":"https:\/\/humanit.as\/experiences\/wp-json\/wp\/v2\/pages\/1298\/revisions\/1958"}],"up":[{"embeddable":true,"href":"https:\/\/humanit.as\/experiences\/wp-json\/wp\/v2\/pages\/1288"}],"wp:attachment":[{"href":"https:\/\/humanit.as\/experiences\/wp-json\/wp\/v2\/media?parent=1298"}],"wp:term":[{"taxonomy":"post_tag","embeddable":true,"href":"https:\/\/humanit.as\/experiences\/wp-json\/wp\/v2\/tags?post=1298"}],"curies":[{"name":"wp","href":"https:\/\/api.w.org\/{rel}","templated":true}]}}